test common divisor of 46 and n?
23
Suppose -l - b + 77 = 2*l, l - 30 = 4*b. Suppose -52 = d - 2*d. What is the greatest common factor of d and l?
26
Let n be 3 + 9/(-3 - -4). Calculate the highest common factor of 60 and n.
12
Suppose 3*y - 26 = 4*f, y + f + 38 = 4*y. What is the highest common factor of 7 and y?
7
Let f(t) be the second derivative of -t**4/12 + 7*t**3/6 + 9*t**2 - 5*t. Let o be f(8). Calculate the greatest common factor of o and 70.
10
Let t = 12 + 3. Let z be ((-5)/(-3 + 4))/(-1). Calculate the greatest common divisor of t and z.
5
Let s = 8 + -11. Let i(f) = -29*f - 3. Let o be i(s). Suppose -84 = -4*h - 3*h. What is the highest common divisor of h and o?
12
Let m = -46 + 130. What is the highest common divisor of m and 12?
12
Suppose 0 = 2*z + 3*n - 186, 3*z - 374 = -z - 5*n. Calculate the greatest common factor of 12 and z.
12
Suppose -3*w + 2 = 5*a - 2, 3*a + 5*w = -4. Let o = -12 + 22. Let t be 216/o + (-4)/(-10). What is the greatest common factor of t and a?
2
Suppose -5*u + 20 = 4*m, -4*u + 7 = 3*m - 9. What is the highest common divisor of u and 20?
4
Suppose 2*v + 0*t + 4*t = -36, -56 = 2*v - t. Let g = v - -38. Let w be 1322/g + 7/(-42). Calculate the greatest common divisor of w and 10.
10
Let c be (25/15)/(1/(-60)). Let o be (7/(-14))/(1/c). What is the highest common factor of o and 10?
10
Let b be (1 - 47)*2/4. Let i = -4 - b. What is the greatest common factor of i and 133?
19
Suppose 0 = -0*y + 2*y + 10. Let u be (-27)/(y/((-20)/(-3))). What is the greatest common factor of u and 9?
9
Suppose -3*s - 3*b = -63, 4*s = b + 71 - 2. Suppose 0*i = 2*f + 2*i - s, -4*f + 3*i = -15. What is the highest common divisor of f and 30?
6
Let o be (0 + 0 - -1)*7. Let a = o + -7. Suppose r - h - 1 - 39 = 0, a = h + 2. Calculate the highest common divisor of r and 57.
19
Suppose 0*r - 30 = -2*r. Calculate the highest common factor of 15 and r.
15
Let u = -17 - 4. Let k be (-1101)/(-7) - (-6)/u. Suppose -3*m - 2*m + k = -4*p, 3*p = 6. Calculate the greatest common divisor of 11 and m.
11
Let p be (24/30)/(4/10). Suppose -5*i = 2*f - 312, 4*i - p*f - 422 = -158. Calculate the greatest common divisor of 16 and i.
16
Let g = 2 + 0. Let q be (0/(-2))/(5 - g). Suppose q = -p - 4*s + 6, -2*p + 3*s = s - 22. Calculate the highest common factor of p and 20.
10
Suppose -8 - 2 = -2*w - s, 4*w = -5*s + 20. Let g = 5 - w. Suppose -3*t + 7*t - 20 = g. What is the highest common factor of t and 2?
1
Let w be (-227)/(-9) - 4/18. Let x(k) = k**3 + k + 10. Let p be x(0). What is the greatest common factor of p and w?
5
Suppose -3*n + 192 = -3*c, -5*n - c + 321 = -5*c. Suppose -4*z = -52 - 0. What is the greatest common divisor of n and z?
13
Let a(n) = -10*n - 20. Let t be a(-8). Calculate the greatest common divisor of t and 36.
12
Let h(a) = -a**3 + 3*a**2 + 10*a + 4. Let g be h(5). Suppose -g*u + 7*u - 57 = 0. What is the greatest common divisor of u and 133?
19
Let h be (-2)/(-8) - (-2)/(-8). Suppose -n - 2007 = 3*d, 669 = -h*d - d - 2*n. Let p be 2/5 - d/15. What is the greatest common divisor of 5 and p?
5
Let p(i) = i**2 - i - 2. Let a be p(-2). Suppose 8 + a = w. What is the greatest common divisor of 8 and w?
4
Suppose -2*m - 4*d = -34, 3*m - 7 = 3*d - 1. What is the highest common factor of m and 49?
7
Let f(g) = g + 3. Suppose 0 = 3*p - 5*p. Let k be f(p). Let a be (2 - 9/k) + 101. Calculate the highest common divisor of 20 and a.
20
Let m be 2/4*1092/6. Let b = m + -65. Calculate the greatest common divisor of 39 and b.
13
Suppose 5*f - 3*o + 100 = 2*o, 0 = -2*o + 10. Let v be ((-6)/f)/(2/140). Calculate the greatest common factor of 4 and v.
4
Let r be 3 + -1*(2 + -1). Let f be 2 + -19*r/(-1). Let v(q) = -q + 9. Let j be v(-7). Calculate the greatest common factor of j and f.
8
Let n(c) = 3*c - 1. Let k be n(1). Suppose y - v - 10 = 0, 2*y + k*y = -5*v + 49. What is the greatest common divisor of 88 and y?
11
Let f be ((-2)/4)/(2/(-44)). Let s(r) = r**2 - 13*r**2 + 14 + r**3 + 10*r + 0*r. Let g be s(f). What is the highest common factor of 12 and g?
3
Let k(r) = r**2 + 4*r**2 + 8*r**2 + 3*r**2. Let x be k(1). Calculate the greatest common factor of x and 32.
16
Let x = 35 + -19. Let r(o) = -o - 7. Let p be r(-7). Suppose p = 3*i - i - 4. What is the highest common divisor of i and x?
2
Let o = 119 + -47. Suppose -o = -6*l + 3*l. Calculate the greatest common divisor of 60 and l.
12
Suppose -4*s + 8*s + 3*y - 473 = 0, -2*y - 359 = -3*s. Let c = -56 + s. What is the greatest common divisor of 7 and c?
7
Suppose -12*p + 150 = -7*p. Suppose 2*s - 2 = 18. What is the highest common factor of p and s?
10
Suppose -48 = 5*a + 12. Let h = a - -28. What is the highest common divisor of h and 128?
16
Suppose -2*v = -42 - 2. Let x = -42 + 64. Calculate the highest common divisor of v and x.
22
Suppose -2*z = -4*i + 45 + 45, 2*i - 4*z = 36. Calculate the greatest common factor of 40 and i.
8
Suppose 0 = 3*g + g - 40. Let c = 18 - g. Suppose -d - c = -3*d. Calculate the highest common divisor of 6 and d.
2
Let a(j) = j**3 + 6*j**2 - 6*j - 7. Let o be a(-5). Suppose -y + 24 = 3*y. What is the highest common factor of y and o?
6
Suppose 33 = 5*q + b, -3*q = -4*b + 3*b - 15. Suppose 2*o + s = 6, 0 = -2*s - 0*s + 4. Suppose -o*w - q = -3*w. Calculate the highest common factor of 18 and w.
6
Let g = -34 - -40. What is the greatest common divisor of g and 66?
6
Suppose -44 = 5*o - 0*v + 4*v, -v - 1 = 0. Let r = -3 - o. Suppose r*m = -3 - 12, -3*u = -4*m - 48. Calculate the greatest common factor of u and 60.
12
Let m = 179 + -53. What is the highest common factor of m and 14?
14
Let o(q) = 2*q. Let h be o(1). Let v(c) = -c**3 + c**2 - c - 1. Let a be v(h). Let x = 15 + a. What is the highest common factor of 8 and x?
8
Let k = -53 - -56. Calculate the greatest common divisor of 1 and k.
1
Let m(h) = -h**3 - 6*h**2 + 7*h + 4. Let p be m(-7). Let z(l) = 3*l**2 - l + 2. Let t be z(p). Calculate the highest common factor of t and 23.
23
Suppose 85 = -d + 6*d. Calculate the greatest common factor of 187 and d.
17
Suppose 2*j - 10 = 0, a + 3*a - 6 = 2*j. Let m = a - 6. Let c be (-16)/m + (4 - 2). What is the greatest common divisor of c and 2?
2
Let u(l) = -l**2 + 2*l. Let d be u(2). Suppose 2*j - 7 - 11 = d. What is the greatest common factor of 18 and j?
9
Let d(o) = 80*o + 1. Let s be d(1). Let r(p) = p**3 + 3*p**2 - p + 1. Let u be r(-2). Let l be 2/7 - (-61)/u. Calculate the highest common divisor of l and s.
9
Suppose 3*h = 3*u + 2*u + 33, -4*h + 3*u = -44. Let m be (1 - 1) + h + 74. What is the highest common factor of 17 and m?
17
Suppose -3*y - 7 = -2*r - 45, 5*y - 5*r = 70. What is the greatest common divisor of y and 5?
5
Let a(k) = -k**3 + 6*k**2 - 3*k + 12. Let i be a(5). Calculate the highest common factor of 44 and i.
22
Let o be (108/45)/((-6)/(-40)). Calculate the highest common factor of 64 and o.
16
Let v(f) = -2*f**3 - 5*f**2 + 9*f + 9. Let m be v(-6). Let s = m + -108. Calculate the highest common divisor of s and 11.
11
Let a = -9 + 25. Calculate the greatest common factor of 176 and a.
16
Let x be (-6)/(-21) + 33/7. Suppose 0 = -x*q - 573 - 87. Let w be (-4)/10 + q/(-30). Calculate the greatest common divisor of 44 and w.
4
Suppose -3*t = -m + 715, 5*m + 0*m = -3*t + 3575. Suppose -8*l = -3*l - m. Calculate the highest common factor of 13 and l.
13
Let u be ((-3)/(-9))/(1/6). Suppose 2*l + 0*l = u. Let w be (l + -2)/((-1)/18). What is the greatest common divisor of 162 and w?
18
Let v(c) = c**3 - 5*c**2 - 11*c + 9. Let m be v(7). Calculate the highest common divisor of m and 10.
10
Suppose -y + 15 = -17. Suppose 3*w + 1 - 25 = 0. Suppose -w = 2*k - y. Calculate the greatest common factor of k and 36.
12
Suppose 5 - 37 = -2*p - 2*x, 2*x + 36 = 2*p. Let m = 389 - 253. Calculate the highest common factor of p and m.
17
Suppose -2*c - 5*z - 32 = 0, 18 = -5*z - 2. Let f = c + 7. What is the greatest common divisor of f and 8?
1
Let t be ((-5)/(-3))/((-3)/81). Let l = -1 - t. Suppose 19 = s + 2*i, 0 = -7*s + 2*s + 2*i + 47. What is the highest common factor of l and s?
11
Suppose s - 4*a - 16 = 0, 2*s - 33 + 9 = 4*a. Let v(o) = o - 17. Let c be v(7). Let r be (64/(-10))/(2/c). Calculate the greatest common factor of r and s.
8
Suppos